 + 10. Let a = 31 + l. Calculate the greatest common factor of a and 10.
5
Let p(d) be the first derivative of d**4/4 - 8*d**3/3 - d**2 - 7*d - 2. Let l be p(9). Let x be (-9)/(-6)*l/6. What is the highest common divisor of x and 2?
2
Suppose 0 = x - r - 67, -2*x = -4*r - 93 - 39. Calculate the highest common divisor of 34 and x.
34
Suppose -26 = -2*d + 10. Let t = -1 + 3. Suppose 0 = -t*l + 3*z + 84, 170 = -l + 5*l - 5*z. Calculate the highest common factor of d and l.
9
Let m = 13 + -5. Calculate the greatest common divisor of 16 and m.
8
Suppose -29*m + 504 = -22*m. Suppose -3*y = 3*r - 15, -4*r + 17 + 11 = 5*y. Calculate the greatest common divisor of m and y.
8
Let k = 489 + -335. Suppose 0*u = -4*b + 4*u + 80, -6 = -3*u. What is the highest common factor of b and k?
22
Let t = 76 - 130. Let w be (t/12)/(2/(-36)). What is the highest common divisor of w and 9?
9
Suppose 2*s - 18 - 18 = 0. Calculate the highest common divisor of 54 and s.
18
Let p be -4*6/((-24)/215). What is the highest common factor of p and 43?
43
Let o = 1 - -5. What is the greatest common factor of 96 and o?
6
Let x(f) = -15*f - 3. Let b be x(6). Let z = -65 - b. Let v(c) = c**3 - 7*c**2 - 17*c - 2. Let t be v(9). What is the highest common factor of t and z?
7
Let w(n) = 3*n**2. Let z be w(-1). Let s be (-96)/(-40)*20/z. Calculate the greatest common factor of s and 16.
16
Let s be ((-5)/2)/((2 - 9)/126). Calculate the greatest common divisor of 18 and s.
9
Suppose 252 = 4*f + 4*j, -4*j = -7*f + 3*f + 244. What is the greatest common factor of 31 and f?
31
Let v(g) = -7*g - 5. Let y be v(-8). Calculate the greatest common divisor of y and 17.
17
Suppose v = 7*v - 48. What is the greatest common divisor of 104 and v?
8
Let q be 2*8 + (-4 - -2). Let g = -114 + 31. Let c = 15 - g. What is the greatest common factor of q and c?
14
Suppose 13 + 11 = 2*z + 4*u, 3*z - u = 29. What is the highest common divisor of 40 and z?
10
Let s = 39 + -19. What is the greatest common divisor of 30 and s?
10
Let i(s) = s**3 + 5*s**2 - 5*s - 9. Let l be i(-6). Let o be 3 + l*(-1 - 0). What is the greatest common divisor of 144 and o?
18
Let a be (-6 - -3)/(1/19). Let q be (-975)/(-12) + (-2)/8. Let c = a + q. Calculate the greatest common factor of 60 and c.
12
Let n = 19 + -25. Suppose 12 = -0*k - k. Let x be 304/k*n/4. What is the greatest common factor of 19 and x?
19
Let q(a) = -2*a**3 + a**2 + 3*a - 4. Let b be q(-3). Suppose -4*f + b = 14. What is the highest common divisor of f and 63?
9
Suppose -5*m + 71 = -39. Let y(q) = -2*q + 26. Let n be y(12). Suppose 5*r = -n + m. What is the highest common divisor of 12 and r?
4
Suppose -9 = 4*d - 41. Suppose -2*o - 2*o = -d. Suppose 4*c - 2*c = 20. Calculate the highest common factor of c and o.
2
Suppose 3*x - 6 = 21. What is the greatest common divisor of 18 and x?
9
Suppose 2*c = c - 53. Let n = c + 109. Calculate the highest common factor of n and 8.
8
Let y = 6 - 9. Let b be (21/(-9))/(y/9). What is the highest common divisor of b and 42?
7
Suppose -33 = -7*k + 30. What is the highest common factor of 9 and k?
9
Suppose -13*o + 18*o = 900. Calculate the greatest common divisor of 36 and o.
36
Let d(n) = 10*n - 5. Let j be d(4). Let q = -8 - -9. Let x(k) = 14*k**2. Let y be x(q). What is the greatest common factor of j and y?
7
Let y = -13 - 4. Let b = y - -32. What is the greatest common factor of b and 3?
3
Suppose 57 - 2 = 5*q. Calculate the highest common divisor of 99 and q.
11
Let u(a) = a**3 - 4*a**2 - 13*a + 8. Let m be u(6). What is the highest common divisor of 18 and m?
2
Let c(k) = 15*k**2 - 2*k - 1. Let b be c(-2). What is the highest common factor of 42 and b?
21
Suppose 0*s = 2*s - 70. Calculate the greatest common factor of s and 7.
7
Let m(g) = -6*g**3 - 11 + 2*g**3 + 3*g**3 - 2*g**2 - 2*g + 13*g**2. Let v be m(8). What is the highest common factor of 15 and v?
15
Let v = -11 - -10. Let a be v/(-3) + 23/3. Let d(l) = l**3 - 6*l**2 + 5*l + 4. Let k be d(7). Calculate the highest common factor of k and a.
8
Let y(v) = -49*v - 5. Let o be y(-5). Let p = o + -122. Let t = p + -83. Calculate the highest common divisor of t and 14.
7
Let v = 61 - -71. Let a = 187 - v. Calculate the highest common factor of 11 and a.
11
Suppose 2*i + 29 = 3*p - 0, -3*i = p + 5. Suppose -5*o - 2*n = -20, -o + p - 3 = -4*n. Calculate the greatest common divisor of o and 36.
4
Let s = 11 - 4. Let b = 88 - s. Calculate the greatest common divisor of 27 and b.
27
Let p = -13 + 27. Suppose -55 - 305 = -6*v. Let s be -2 + v + (-3 - -1). Calculate the highest common divisor of s and p.
14
Let k = -19 + 32. What is the highest common divisor of 39 and k?
13
Let t(a) = -a**2 - 4*a - 3. Let r be t(-4). Let f be -3*1/r - -14. Calculate the highest common divisor of f and 105.
15
Let c(y) = -y**3 - 5*y**2 - 3*y + 1. Let z be c(-4). Let s = 2 - z. Calculate the highest common divisor of s and 40.
5
Let n = 8 - 0. Suppose -6*i + 25 = -i. Suppose 3*d + l = i*d - 79, 4*d - 159 = l. Calculate the highest common divisor of n and d.
8
Let s be 1/(2/14)*1. Suppose 8 = c - s. Calculate the greatest common divisor of c and 5.
5
Let a = 15 - 11. Suppose -2*d - 253 - 37 = -4*k, 0 = 3*k + a*d - 190. Suppose 3*r + 4 = 34. Calculate the greatest common factor of k and r.
10
Let m(w) = -77*w - 1 + 76*w + 3*w**2 + 0. Let j be m(2). Let v(o) = 18*o**2 + o - 2. Let t be v(2). What is the greatest common divisor of t and j?
9
Let n be (-14)/(-6) + 5/(-15). Suppose -3*t - g = g - 20, 40 = 3*t - n*g. Calculate the highest common factor of 5 and t.
5
Suppose 3*o = -3*b + 501, -b + 117 = -3*o - 54. Calculate the greatest common divisor of b and 21.
21
Let n(t) = t**2 + t - 7. Let a be n(-4). Calculate the highest common factor of a and 40.
5
Let x = 6 + -11. Let b(p) = 3*p**2 + 5*p + 4. Let a be b(x). What is the greatest common factor of 6 and a?
6
Suppose 12*w = 9*w + 819. Calculate the greatest common divisor of 21 and w.
21
Let g be 0 - 3 - (2 - 15). Let t be 25/g*56/10. What is the highest common divisor of 2 and t?
2
Let f be 2/6 + 8/3. Suppose -2*j + 3 = j, 27 = -5*l - f*j. Let z be (-2)/(-3) + (-32)/l. What is the highest common factor of z and 6?
6
Let z be (6/(-12))/(2/616). Let m be (z/(-21))/(2/3). Calculate the greatest common divisor of m and 66.
11
Let g be ((-154)/(-21))/((-4)/(-30)). What is the greatest common divisor of g and 11?
11
Suppose 9*f = -30 + 192. What is the highest common factor of 24 and f?
6
Suppose 0 = -4*x + 5*v + 46, x + x - 20 = 4*v. Let o be -3 + (-5)/(-2)*x. What is the highest common factor of o and 8?
8
Let a(j) = j - 5. Let k be a(10). Suppose -36 = -2*r - k*p, 0 = -p + 6*p. Calculate the highest common factor of r and 162.
18
Suppose 1 + 2 = w. Suppose 0*o - 81 = -w*o. What is the greatest common divisor of 3 and o?
3
Let w(i) = 6*i - 1. Let x be w(2). Suppose -64 = -t - 53. What is the greatest common factor of x and t?
11
Suppose 4*j = 7*j - 6. Calculate the greatest common divisor of 22 and j.
2
Let t be ((-2)/1)/((-2)/6). Let j = 75 + -45. Calculate the highest common divisor of j and t.
6
Let r = 18 + -24. Let d = 15 + r. What is the highest common divisor of d and 9?
9
Let b = 17 - 12. Suppose -b*v + 28 = o, 3*o + 3 = 4*o. Suppose -5*u = -3*z - 9, -5*z + 2*z - u + 9 = 0. Calculate the greatest common factor of v and z.
1
Let q be ((-4)/3)/((-4)/12). Suppose -2*t + 4*t + 52 = p, q*p - 182 = -5*t. Calculate the highest common factor of 32 and p.
16
Suppose 0 = -3*b - 3 + 12. Suppose -19 - 14 = -2*t - 5*g, -5*g - 37 = -b*t. What is the greatest common divisor of t and 21?
7
Let h(k) = -k**2 + 12. Let p be h(0). Let d = 23 - 5. Calculate the greatest common factor of p and d.
6
Let j be 2/2 + -1 + 36. Suppose -54 - j = -5*r. Calculate the highest common factor of 6 and r.
6
Let s be 1/(-1)*(-17 + 3). Let u(x) = x**3 + 6*x**2 - 5*x - 9. Let h be u(-6). Calculate the highest common factor of s and h.
7
Let a be (-16)/(-6)*(-7)/(14/(-12)). Calculate the greatest common factor of 12 and a.
4
Suppose -4*l + 0*l + 240 = 0. Let t = 93 - l. What is the greatest common factor of 3 and t?
3
Let t = -3 - -8. Let z = t + -9. Let p be (52/(-8))/(2/z). What is the highest common factor of p and 52?
13
Let f = 18 + -2. Calculate the greatest co